{"id":410,"date":"2019-10-02T14:41:05","date_gmt":"2019-10-02T12:41:05","guid":{"rendered":"http:\/\/aidsecurite.com\/?page_id=410"},"modified":"2019-10-04T11:29:58","modified_gmt":"2019-10-04T09:29:58","slug":"commune-de-tart-le-haut","status":"publish","type":"page","link":"https:\/\/aidsecurite.com\/index.php\/commune-de-tart-le-haut\/","title":{"rendered":"Commune de Tart-le-Haut"},"content":{"rendered":"\n<p>2017 &#8211; R\u00e9alisation des plans de secours de la salle des f\u00eates et des \u00e9coles.<\/p>\n\n\n\n<div style=\"height:31px\" aria-hidden=\"true\" class=\"wp-block-spacer\"><\/div>\n\n\n\n<figure class=\"wp-block-image is-resized\"><img loading=\"lazy\" src=\"https:\/\/aidsecurite.com\/wp-content\/uploads\/2019\/10\/SP.01-SALLE-POLYVALENTE-Entr\u00e9e.jpg\" alt=\"\" class=\"wp-image-490\" width=\"321\" height=\"225\" srcset=\"https:\/\/aidsecurite.com\/wp-content\/uploads\/2019\/10\/SP.01-SALLE-POLYVALENTE-Entr\u00e9e.jpg 410w, https:\/\/aidsecurite.com\/wp-content\/uploads\/2019\/10\/SP.01-SALLE-POLYVALENTE-Entr\u00e9e-300x210.jpg 300w, https:\/\/aidsecurite.com\/wp-content\/uploads\/2019\/10\/SP.01-SALLE-POLYVALENTE-Entr\u00e9e-130x90.jpg 130w\" sizes=\"(max-width: 321px) 100vw, 321px\" \/><\/figure>\n","protected":false},"excerpt":{"rendered":"<p>2017 &#8211; R\u00e9alisation des plans de secours de la salle des f\u00eates et des \u00e9coles.<\/p>\n","protected":false},"author":1,"featured_media":0,"parent":0,"menu_order":0,"comment_status":"closed","ping_status":"closed","template":"","meta":[],"_links":{"self":[{"href":"https:\/\/aidsecurite.com\/index.php\/wp-json\/wp\/v2\/pages\/410"}],"collection":[{"href":"https:\/\/aidsecurite.com\/index.php\/wp-json\/wp\/v2\/pages"}],"about":[{"href":"https:\/\/aidsecurite.com\/index.php\/wp-json\/wp\/v2\/types\/page"}],"author":[{"embeddable":true,"href":"https:\/\/aidsecurite.com\/index.php\/wp-json\/wp\/v2\/users\/1"}],"replies":[{"embeddable":true,"href":"https:\/\/aidsecurite.com\/index.php\/wp-json\/wp\/v2\/comments?post=410"}],"version-history":[{"count":4,"href":"https:\/\/aidsecurite.com\/index.php\/wp-json\/wp\/v2\/pages\/410\/revisions"}],"predecessor-version":[{"id":522,"href":"https:\/\/aidsecurite.com\/index.php\/wp-json\/wp\/v2\/pages\/410\/revisions\/522"}],"wp:attachment":[{"href":"https:\/\/aidsecurite.com\/index.php\/wp-json\/wp\/v2\/media?parent=410"}],"curies":[{"name":"wp","href":"https:\/\/api.w.org\/{rel}","templated":true}]}}